*3/3 + 2*k - 2. Give m(d).
-7
Let s(j) = 2*j**3 + 3*j**3 - 7*j**3 - 3*j + j**3 + 6 + 6*j**2. Suppose -2*p - 24 = -6*p. Determine s(p).
-12
Let d(k) = -k - 6. Suppose 0 = 3*n + w + 17, 12 = -3*n + w - 1. What is d(n)?
-1
Let u(p) = -3*p**2 + 3*p. Let o(m) = -10*m**2 + 8*m. Let s(z) = -3*o(z) + 8*u(z). Calculate s(1).
6
Let p(u) = 9*u**2 + u + 1. Let i be p(-1). Let v(t) = -i - 2*t - 4*t + 10. Give v(1).
-5
Let p(j) = -3*j - 3. Let k = -106 + 103. Give p(k).
6
Let q = 3 + -2. Let y = q + -1. Let b(r) be the second derivative of -r**5/20 - 3*r**2 + r. Give b(y).
-6
Let k(c) = -c**2 + 5*c - 3. Suppose 4*n - 24 = 16. Let w = n - 7. Let a be 2 + 1/(w/3). Calculate k(a).
3
Let v(q) be the third derivative of q**5/60 - q**4/12 - 7*q**3/6 + q**2. Let l(r) = -r**2 + r + 1. Let m = 44 + -43. Let x(c) = m*v(c) + 2*l(c). Give x(0).
-5
Suppose -39*k + 36*k = 9. Let q(v) be the first derivative of -v**4/4 - 2*v**3/3 + 3*v**2/2 - 3*v - 1. What is q(k)?
-3
Let f(a) = -a**2 + a - 1. Let t(l) = l**2 - 7*l + 1. Let d(m) = 5*f(m) + t(m). Let z(k) = -7 - 5*k + 0*k + k - 7*k**2. Let s(o) = -5*d(o) + 3*z(o). Give s(-2).
-1
Let x(n) = n**2 + 4*n - 4. Let p(k) be the first derivative of -k**3 - 11*k**2/2 + 11*k - 1. Let h(i) = -4*p(i) - 11*x(i). Determine h(-1).
1
Let o(d) be the third derivative of d**6/120 + d**5/12 + d**4/12 - d**3/2 + 11*d**2. Let l(f) = -f + 3. Let z be l(-5). Suppose -7 = 5*t + z. Determine o(t).
9
Let s(m) be the third derivative of m**5/60 - 5*m**3/6 - 2*m**2. Suppose 5*a + 13 - 3 = 0. Let t(u) = -u**2 - u + 2. Let f be t(a). Give s(f).
-5
Let y be ((-2)/(-4))/(1/(-12)). Let z be (3 + -1 - 2) + y. Let u(g) = g**2 + 8*g + 7. Calculate u(z).
-5
Let x(u) be the second derivative of u**5/20 + u**4/12 + u**3/6 + u**2 - u. Calculate x(-2).
-4
Suppose 4*y = 10*y. Let k(c) = 4 + 0 + 5*c**3 - 4*c**3 - c**2. What is k(y)?
4
Let o(r) be the third derivative of -r**6/90 + r**5/120 + r**3/6 + 3*r**2. Let s(h) be the first derivative of o(h). Calculate s(-1).
-5
Let y(f) = 9*f**3 - f**2. Let q = -10 - -14. Suppose -q = 3*w - 1. Determine y(w).
-10
Let a(v) = v**3 - 2*v - 1. Suppose -5*q - 35 = -y, 2*y + 7 = -2*q + y. Let z(k) = 14 + 4 - k**2 - 16 - 6*k. Let t be z(q). Determine a(t).
3
Let q = 2 - 3. Let r(n) be the first derivative of 4 - n**2 - 2/3*n**3 - n. Determine r(q).
-1
Let p(j) = -4 + j + 4 - 7 - j**3 + j**2. Give p(0).
-7
Let c(y) = 3*y**2 - y**2 - y**2 + 2*y**3 - y. Let v(t) = t**3 + 4*t**2 + 4*t + 5. Let m be v(-3). Suppose 3*w - 1 = m*w. Give c(w).
2
Let c(k) be the third derivative of -k**8/6720 - k**7/420 - k**6/144 + 7*k**5/120 - k**4/8 - 3*k**2. Let i(f) be the second derivative of c(f). What is i(-5)?
7
Let y(q) = q**3 + q**2 - q + 4. Suppose 3*p - 10 = -2*m, -20 = -5*p + 6*p - 4*m. Determine y(p).
4
Let w(a) be the first derivative of -a**4/4 - a**3 + 3*a**2/2 - 5*a + 2. Calculate w(-4).
-1
Let h(f) = -3*f + 1. Let n(l) = 7*l - 2. Let q(u) = 5*h(u) + 2*n(u). Calculate q(5).
-4
Let r(p) = 1. Let h(s) = -s**3 + 2*s - 5. Let o(n) = h(n) + 4*r(n). Determine o(-2).
3
Let z(t) be the second derivative of t**3/2 - t**2 + 5*t. What is z(-3)?
-11
Let f(u) be the first derivative of -u**3 + u**2 + 49. Determine f(2).
-8
Let h(o) = -o**3 + 3*o**2 + 5*o - 6. Let d(u) = 11*u**2 + 2*u - 1. Let b be d(1). Suppose 7 = 3*w - 2*m + 3, 5*m - b = 2*w. Calculate h(w).
-2
Let h(l) = l**3 + 5*l**2 - 2*l - 5. Let x(a) = -a**3 + 4*a**2 + 3*a + 5. Let g be x(5). Determine h(g).
5
Let o(p) = -2*p. Let q = 13 - 15. Calculate o(q).
4
Let j(h) = -3*h**2 - h - 4. Let m(f) = 7*f**2 + 2*f + 8. Let v(d) = -9*j(d) - 4*m(d). Calculate v(3).
-2
Let z(v) = -4*v - 1. Let x(s) = 3*s + 30. Let k be x(-12). Give z(k).
23
Let a(t) = -t**3 + t**2 + 2*t + 1. Let f be a(-1). Suppose 0 = 2*h - 3*h + 5. Let s(z) = 1 + 5*z**2 + 4*z + 0*z - h*z. Determine s(f).
5
Let r(t) = 0 + 2 + t - 1. Let m be (5/(-15))/((-2)/12). Calculate r(m).
3
Let o(m) be the third derivative of -m**6/120 + 3*m**5/20 - m**4/24 + 5*m**3/6 + 30*m**2. Give o(9).
-4
Let y(k) = 6*k**2 + 16*k + 11. Let q(t) = -t**2 - 3*t - 2. Let u(z) = 11*q(z) + 2*y(z). Let r = -5 + 5. Suppose -2*l + 2 + r = 0. Calculate u(l).
0
Let a(i) be the second derivative of i**5/10 + i**4/4 + i**3/2 + i**2 - 11*i. Calculate a(-2).
-8
Suppose 3*h - 3*n + 6 = 0, -4*h + 2*n = -0*n + 14. Let b = h - 0. Let u = b + 2. Let z(s) = s + 1. Determine z(u).
-2
Suppose -k = 3*k - 4. Let i(y) = -y + 3 + k - 1. Let u be 1/((-8)/(-10) + -1). Determine i(u).
8
Suppose -p + 2 = -3*p. Let g(t) = 3*t**2 - 5*t**3 - t**2 + 7*t**2 - 7. Let y(v) = -v**3 + v**2 - 1. Let b(f) = p*g(f) + 4*y(f). Determine b(5).
3
Let q be 0*1/4*2. Suppose -3*f + 2*f + 5 = q. Let i(k) = -2*k + 3. Give i(f).
-7
Let p(d) = d - 9. Let b be (-2)/(-4)*0/(-3). Suppose 0 = -b*k - 4*k + 100. Suppose -k = -j - 4*j. What is p(j)?
-4
Let h(w) = 2*w**2 - 3*w + 3. Let s be h(2). Let a = s - -1. Let d(b) = -b**2 + 8*b - 5. Determine d(a).
7
Let h(y) = 9*y + y + 5*y - 19*y + 5 - 2*y**2. What is h(-4)?
-11
Let t(z) = -z**2 + z. Suppose 5*f - 115 = -0*f. Suppose -q - f = 3*i, -2*i + 4*i + 32 = -4*q. Let x = -6 - i. Give t(x).
0
Let a = 64 - 57. Let w(c) = -c**2 + 8*c - 2. Give w(a).
5
Suppose 5*g = 5*y - 20, 8*y = 3*y + 10. Let o be -1*(-1 - g/(-1)). Let j(z) = -3*z + 1. Let k(a) = -8*a + 2. Let x(i) = 11*j(i) - 4*k(i). Calculate x(o).
0
Suppose -5*b = -h + 2, 5*b + 38 = h + 3*h. Suppose 2*v + h = 5*v. Let j be 9/(-12)*(v - 0). Let o(a) = a + 1. Calculate o(j).
-2
Suppose a + 15 = -4*p, 2*a - 5*a = 2*p + 15. Let v(k) = 15 - 3*k**2 - 11 + 2*k**2 - k**3 - 2 + 5*k. Give v(p).
5
Let k(n) be the second derivative of 0*n**2 - n - 1/24*n**4 - 1/60*n**5 + 0 + 1/3*n**3 + 1/360*n**6. Let d(f) be the second derivative of k(f). Determine d(2).
-1
Suppose 0 = 5*u + 2*f - 35, -u = 3*u + 4*f - 40. Let c = u - 14. Let g = c - -5. Let p(w) = 2*w**2 + 5*w - 4. What is p(g)?
8
Let k(r) = -r + 4*r - r**2 + r**2 + r**2 + 3. Calculate k(-2).
1
Let w be (2 - 3)*0 - -2. Let v(o) = w*o**2 - 3*o**2 + 1 + 4*o - 2. Let c = 0 + 4. Determine v(c).
-1
Let t(j) = j**2 - j + 1. Suppose -2*p - 34 = -0*p. Let s = p - -15. Give t(s).
7
Suppose -20 = -4*v, o + v = 4*o - 4. Suppose 2*h + 11 = -o. Let z(s) = s + 10. Give z(h).
3
Suppose 2*o + 35 = -7*b + 4*b, o - 41 = 5*b. Let w(j) = j**3 + 10*j**2 + 10*j + 7. Let z be w(b). Let h(i) = 2*i**2 + 2*i - 1. What is h(z)?
3
Let c(t) = -t**3 - 5*t**2 + 5*t - 1. Let u(v) = v**3 + 6*v**2 - 6*v + 2. Let a(s) = -4*c(s) - 3*u(s). Determine a(-3).
-5
Let n(p) = p + 1. Let q(u) = -u**2 - 5*u - 3. Let j = -5 - -2. Let l be 10/(-4) - j/6. Let h(v) = l*n(v) + q(v). Determine h(-5).
5
Let h(u) = 5*u - 1. Let t be h(1). Suppose 2 = z + t. Let g(r) be the first derivative of -2*r**3/3 + r + 1. Determine g(z).
-7
Let k(z) be the first derivative of z**5/20 + z**4/24 + z**3/3 + 4. Let m(t) be the third derivative of k(t). What is m(1)?
7
Let c(o) = -o**3 - 4*o**2 + 6*o + 6. Let w be c(-5). Let h be 4 + (0 - (0 + w)). Let j(s) = 2*s**2 - 5*s + 3. Determine j(h).
6
Let v = 23 + -13. Suppose 2 - v = -2*k. Let s(z) = z**3 - 4*z**2 + 2*z - 5. Give s(k).
3
Let k(o) = -3*o - o**2 + 2 - 1 + 1 + 2. Let w(y) = -y**2 + 2*y - 2. Suppose 3 = 3*m - 2*m. Let r be w(m). Calculate k(r).
-6
Let a(u) = -6*u**2 + 6 + 0*u**3 + u**2 - u**3. Let z be (-6)/((3/(-2))/1). Let p be 132/(-28) - z/14. Determine a(p).
6
Let c be (-2)/8 + 123/12. Let x = 7 - c. Let u(k) = -4 + 3*k**2 - 3*k - 3*k**2 - k**3 - 4*k**2. Give u(x).
-4
Let r = 7 - 4. Suppose 0 = -5*x + 2*x + z + 7, 4*x + 2*z - 26 = 0. Let o(t) = 4*t + x - 5*t + r*t. What is o(-4)?
-4
Let p(n) = 3*n + 6. Let t = 159 - 165. Calculate p(t).
-12
Suppose -4*y - 2*w = -7 - 3, -2*y - 10 = 4*w. Suppose -6*t = -t - y. Let j(d) = d - 1. What is j(t)?
0
Let q(b) = 3*b - 2. Let v(m) = m**2 - 8*m + 3. Let y be v(7). Let x(h) = h**2 + 2*h - 5. Let w be x(y). What is q(w)?
7
Let q(v) = -5*v**3 - 2*v**2 + v - 5. Let c(p) = 6*p**3 + 2*p**2 - p + 6. Let d(f) = -4*c(f) - 5*q(f). Determine d(-2).
3
Let q(s) = s**3 + 2*s**2 - s. Let l(x) = x**2 - 3*x - 3. Let g be l(3). Determine q(g).
-6
Suppose -s + 2*s + 1 = 0. Let i(r) = -1. Let n(m) = 2*m + 3. Suppose 0 = -z - 0 - 4. Let w(h) = s*n(h) + z*i(h). Give w(-1).
3
Suppose -2*k - 8 = -7*k + h, -k - 8 = -5*h. Let z(y) = k*y**3 + 2*y**3 - y - 5*y**3. 